 a multiple of 591?
True
Does 5 divide 1015035?
True
Is 326 a factor of 2987790?
True
Does 2 divide 176430?
True
Is 3268725 a multiple of 25?
True
Is 20 a factor of 2988127?
False
Does 205 divide 138284?
False
Is 47 a factor of 105515?
True
Is 5441632 a multiple of 119?
True
Is 888100 a multiple of 69?
False
Is 1566 a factor of 7017246?
True
Is 472 a factor of 96445?
False
Does 239 divide 299821?
False
Does 128 divide 363776?
True
Is 18 a factor of 42125?
False
Does 6 divide 10459?
False
Does 13 divide 18966983?
False
Is 7 a factor of 856027?
False
Is 201 a factor of 1314569?
False
Is 23 a factor of 705737?
False
Does 677 divide 19850994?
True
Does 131 divide 326583?
True
Does 154 divide 600446?
True
Is 1603043 a multiple of 15?
False
Is 100714 a multiple of 14?
False
Is 4 a factor of 95759?
False
Is 30 a factor of 97220?
False
Does 39 divide 167747?
False
Does 138 divide 5963424?
False
Is 3495672 a multiple of 18?
True
Is 11505876 a multiple of 21?
False
Does 138 divide 1498404?
True
Does 64 divide 865152?
True
Is 1511 a factor of 8605895?
False
Is 16 a factor of 2511216?
True
Is 16200 a multiple of 32?
False
Is 1684428 a multiple of 69?
True
Does 9 divide 60183?
True
Is 7 a factor of 2571115?
False
Is 5 a factor of 36422?
False
Is 28664 a multiple of 9?
False
Is 74304 a multiple of 22?
False
Is 252 a factor of 160524?
True
Does 6 divide 70776?
True
Does 2 divide 19205?
False
Does 1395 divide 16169445?
True
Does 25 divide 10868?
False
Is 2858 a multiple of 6?
False
Does 61 divide 185196?
True
Is 19 a factor of 184566?
True
Is 173268 even?
True
Is 15900 a multiple of 8?
False
Is 65 a factor of 687310?
True
Does 48 divide 3212437?
False
Is 862 a factor of 240571?
False
Does 4 divide 609?
False
Does 444 divide 607812?
False
Is 94 a factor of 2726047?
False
Is 1008920 a multiple of 11?
True
Is 327 a factor of 9501312?
True
Is 8 a factor of 191497?
False
Is 12 a factor of 303017?
False
Is 4 a factor of 3065537?
False
Is 35 a factor of 605185?
True
Is 6 a factor of 1133598?
True
Does 6 divide 78930?
True
Is 5840938 a multiple of 21?
False
Is 14 a factor of 359128?
True
Does 42 divide 14866161?
False
Does 56 divide 525952?
True
Does 227 divide 489866?
True
Does 348 divide 152274?
False
Is 256519 a multiple of 23?
True
Does 5 divide 54866?
False
Does 28 divide 1027633?
False
Does 18 divide 41484?
False
Is 5401820 a multiple of 35?
False
Is 79125 a multiple of 28?
False
Is 47088 a multiple of 36?
True
Is 479106 a multiple of 43?
True
Does 98 divide 30870?
True
Is 99969 a multiple of 133?
False
Is 28417 a multiple of 5?
False
Does 36 divide 35568?
True
Does 14 divide 7249578?
True
Does 40 divide 733065?
False
Does 36 divide 2635164?
True
Is 8 a factor of 2515320?
True
Does 78 divide 617935?
False
Is 1402050 a multiple of 11?
False
Is 146021 a multiple of 15?
False
Is 60207 a multiple of 20?
False
Does 160 divide 9390400?
True
Is 633 a factor of 2930790?
True
Does 19 divide 913407?
False
Is 173 a factor of 20972?
False
Does 77 divide 6903099?
False
Is 1512057 a multiple of 701?
True
Does 6 divide 2606135?
False
Is 1665423 a multiple of 5?
False
Does 272 divide 6459005?
False
Does 178 divide 280172?
True
Is 23561 a multiple of 22?
False
Is 236250 a multiple of 54?
True
Is 52701 a multiple of 13?
False
Is 107 a factor of 92947?
False
Is 148746 a multiple of 13?
True
Is 5876241 a multiple of 749?
False
Is 161 a factor of 1000310?
False
Is 287052 a multiple of 123?
False
Does 19 divide 824798?
False
Does 58 divide 5797190?
False
Is 14197554 a multiple of 14?
True
Is 1020812 a multiple of 293?
True
Does 74 divide 263406?
False
Is 35259 a multiple of 73?
True
Does 53 divide 15794?
True
Is 88720 a multiple of 10?
True
Does 15 divide 234642?
False
Is 53215 a multiple of 29?
True
Is 5435248 a multiple of 61?
False
Is 177081 a multiple of 67?
True
Does 281 divide 3976686?
False
Is 1485067 a multiple of 413?
False
Does 44 divide 221965?
False
Is 18 a factor of 3848837?
False
Is 345347 even?
False
Does 552 divide 302132?
False
Is 714287 a multiple of 154?
False
Is 493 a factor of 412313?
False
Is 14 a factor of 85960?
True
Is 10293460 a multiple of 150?
False
Is 76 a factor of 231097?
False
Is 524363 a multiple of 3?
False
Is 168 a factor of 9910348?
False
Does 22 divide 171182?
True
Is 26 a factor of 60528?
True
Is 591 a factor of 1615794?
True
Does 1008 divide 15409296?
True
Is 225252 a multiple of 118?
False
Is 97596 a multiple of 106?
False
Does 58 divide 99395?
False
Is 29875 a multiple of 16?
False
Is 2 a factor of 803115?
False
Is 8956 a multiple of 14?
False
Is 339691 a multiple of 507?
False
Does 417 divide 6094455?
True
Is 255 a factor of 552585?
True
Is 290628 a multiple of 36?
True
Is 176 a factor of 371712?
True
Is 44 a factor of 602492?
True
Does 1322 divide 924078?
True
Does 20 divide 35942?
False
Does 120 divide 2719080?
True
Does 3 divide 157344?
True
Is 8 a factor of 2029527?
False
Does 5 divide 2565?
True
Is 1500941 a multiple of 439?
True
Does 9 divide 1553745?
False
Is 616 a factor of 2564408?
True
Does 119 divide 9081604?
True
Is 213 a factor of 101700?
False
Is 370 a factor of 7344870?
True
Is 445804 a multiple of 6?
False
Is 15 a factor of 243277?
False
Is 12192111 a multiple of 153?
True
Does 345 divide 123510?
True
Is 3681277 a multiple of 15?
False
Does 11 divide 9646?
False
Is 293 a factor of 30991411?
False
Does 16 divide 5015466?
False
Is 217940 a multiple of 151?
False
Does 314 divide 4092676?
True
Is 19 a factor of 2907?
True
Is 403770 a multiple of 43?
True
Does 26 divide 304902?
True
Is 689100 a multiple of 105?
False
Is 34 a factor of 18700?
True
Is 11001489 a multiple of 44?
False
Is 502287 a multiple of 11?
False
Does 85 divide 71252?
False
Is 528 a factor of 1900272?
True
Is 1179563 a multiple of 26?
False
Does 491 divide 966508?
False
Is 434 a factor of 2805033?
False
Does 20 divide 73440?
True
Does 126 divide 4962066?
False
Is 440 a factor of 1810732?
False
Is 113 a factor of 1513861?
True
Does 225 divide 1647263?
False
Is 19 a factor of 289063?
False
Does 82 divide 93726?
True
Is 9797018 a multiple of 154?
True
Does 68 divide 8772?
True
Is 202672 a multiple of 42?
False
Does 84 divide 9685?
False
Does 93 divide 6021285?
True
Does 14 divide 1567698?
False
Is 30192 a multiple of 8?
True
Does 5 divide 8291730?
True
Is 62655 a multiple of 17?
False
Does 6 divide 140635?
False
Is 9618549 a multiple of 151?
True
Is 5256108 a multiple of 286?
True
Does 12 divide 1950108?
True
Is 111 a factor of 1382394?
True
Is 31 a factor of 1174900?
True
Is 98 a factor of 316376?
False
Does 342 divide 16588368?
True
Is 625228 a multiple of 19?
False
Is 70 a factor of 153857?
False
Is 31 a factor of 52204?
True
Is 144619 a multiple of 32?
False
Does 6 divide 41550?
True
Is 35 a factor of 4034026?
False
Is 39 a factor of 82684?
False
Is 9 a factor of 10048430?
False
Is 240434 a multiple of 478?
True
Is 37694 a multiple of 94?
True
Is 47 a factor of 871098?
True
Is 43 a factor of 19221?
True
Is 107910 a multiple of 45?
True
Does 12 divide 297792?
True
Is 322 a factor of 944199?
False
Does 17 divide 2567255?
True
Is 4 a factor of 273744?
True
Is 85478 a multiple of 151?
False
Does 12 divide 81552?
True
Does 13 divide 248578?
False
Is 7 a factor of 1403?
False
Does 487 divide 4518908?
False
Is 410004 a multiple of 28?
True
Is 10 a factor of 412660?
True
Does 4 divide 72309?
False
Is 268027 a multiple of 39?
False
Does 21 divide 24732197?
False
Is 12 a factor of 893286?
False
Does 8 divide 164848?
True
Does 63 divide 20349?
True
Is 588 a factor of 12085752?
True
Is 144747 a multiple of 37?
False
Does 297 divide 130680?
True
Is 14 a factor of 93212?
True
Is 625315 a multiple of 126?
False
Is 13 a factor of 318627?
False
Is 1464016 a multiple of 592?
True
Is 547894 a multiple of 304?
False
Is 19 a factor of 790229?
True
Is 1830581 a multiple of 883?
False
Does 76 divide 514976?
True
Is 51800 a multiple of 37?
True
Does 37 divide 14152315?
True
Does 2 divide 369237?
False
Is 14 a factor of 722053?
False
Is 388634 a multiple of 9?
False
Is 108485 a multiple of 36?
False
Does 410 divide 1174650?
True
Is 17 a factor of 26465?
False
Does 2 divide 32756?
True
Is 35192610 a multiple of 50?
False
Is 87 a factor of 2118624?
True
Does 25 divide 840050?
True
I